{"id":65,"date":"2018-03-09T20:00:02","date_gmt":"2018-03-09T20:00:02","guid":{"rendered":"http:\/\/www.enlanet.com\/portal\/?page_id=65"},"modified":"2018-03-13T16:10:04","modified_gmt":"2018-03-13T16:10:04","slug":"servicio-tecnico","status":"publish","type":"page","link":"https:\/\/www.enlanet.com\/portal\/index.php\/servicio-tecnico\/","title":{"rendered":"Servicio t\u00e9cnico"},"content":{"rendered":"<h1 style=\"text-align: center;\"><span style=\"font-family: arial, helvetica, sans-serif; color: #000000;\">SERVICIO T\u00c9CNICO ORDENADORES EN ALICANTE<\/span><\/h1>\n<div id=\"attachment_147\" style=\"width: 1009px\" class=\"wp-caption aligncenter\"><img loading=\"lazy\" decoding=\"async\" aria-describedby=\"caption-attachment-147\" class=\"wp-image-147\" src=\"http:\/\/www.enlanet.com\/portal\/wp-content\/uploads\/2018\/03\/SERVICIO-TECNICO-ORDENADORES-ALICANTE-1024x512.jpg\" alt=\"Servicio t\u00e9cnico ordenadores en Alicante\" width=\"999\" height=\"500\" srcset=\"https:\/\/www.enlanet.com\/portal\/wp-content\/uploads\/2018\/03\/SERVICIO-TECNICO-ORDENADORES-ALICANTE-1024x512.jpg 1024w, https:\/\/www.enlanet.com\/portal\/wp-content\/uploads\/2018\/03\/SERVICIO-TECNICO-ORDENADORES-ALICANTE-300x150.jpg 300w, https:\/\/www.enlanet.com\/portal\/wp-content\/uploads\/2018\/03\/SERVICIO-TECNICO-ORDENADORES-ALICANTE-768x384.jpg 768w, https:\/\/www.enlanet.com\/portal\/wp-content\/uploads\/2018\/03\/SERVICIO-TECNICO-ORDENADORES-ALICANTE-1140x570.jpg 1140w, https:\/\/www.enlanet.com\/portal\/wp-content\/uploads\/2018\/03\/SERVICIO-TECNICO-ORDENADORES-ALICANTE-570x285.jpg 570w\" sizes=\"auto, (max-width: 999px) 100vw, 999px\" \/><p id=\"caption-attachment-147\" class=\"wp-caption-text\">Servicio t\u00e9cnico inform\u00e1tico en Alicante<\/p><\/div>\n<p><span style=\"color: #000000; font-family: arial, helvetica, sans-serif; font-size: 14pt;\"><span style=\"font-family: impact, sans-serif;\">Enla<span style=\"color: #ff0000;\">NET<\/span> Sistemas<\/span> les ofrece su servicio t\u00e9cnico inform\u00e1tico en Alicante, orientado tanto a particulares como a empresas. Disponemos de personal para atenderle en sus instalaciones, as\u00ed como un taller propio donde poder llevar a cabo esas reparaciones que por su naturaleza no son posibles resolver in situ.<\/span><\/p>\n<p><span style=\"color: #000000; font-family: arial, helvetica, sans-serif; font-size: 14pt;\">Nuestro tiempo medio de reparaci\u00f3n esta entre 24 y 48 horas.(desde que usted nos deja su equipo hasta que se lo devolvemos) Y la mayor\u00eda de las reparaciones ( un 90%) se solucionan en una hora o menos de taller.<\/span><\/p>\n<p>&nbsp;<\/p>\n<p><span style=\"color: #000000; font-family: arial, helvetica, sans-serif; font-size: 14pt;\"><strong>PRESUPUESTOS EN TALLER GRATIS<\/strong><\/span><\/p>\n<p><span style=\"color: #000000; font-family: arial, helvetica, sans-serif; font-size: 14pt;\">Las aver\u00edas inform\u00e1ticas se pueden agrupar en 2 grupos b\u00e1sicos:<\/span><\/p>\n<p><span style=\"color: #000000; font-size: 14pt;\"><strong><span style=\"font-family: arial, helvetica, sans-serif;\">Aver\u00edas hardware<\/span><\/strong><\/span><\/p>\n<p><span style=\"color: #000000; font-family: arial, helvetica, sans-serif; font-size: 14pt;\">En este grupo entrar\u00edan todas aquellas relacionadas con un fallo f\u00edsico de uno o varios componentes, como placas bases, tarjetas gr\u00e1ficas, memorias o cualquier otro componente que presentara una malfunci\u00f3n. En este caso EnlaNET Sistemas le presupuestar\u00e1 la sustituci\u00f3n del componente\/s \u00a0junto con los trabajos necesarios para que este funcione \u00f3ptimamente. ( actualizaci\u00f3n de drivers, reinstalaci\u00f3n s.operativo, etc)<\/span><\/p>\n<p><span style=\"color: #000000; font-size: 14pt;\"><strong><span style=\"font-family: arial, helvetica, sans-serif;\">Aver\u00edas software<\/span><\/strong><\/span><\/p>\n<p><span style=\"color: #000000; font-family: arial, helvetica, sans-serif; font-size: 14pt;\">Son las relacionadas con cualquier fallo del sistema operativo y\/o los programas que hay instalados en el equipo, Su origen suele ser virus o malware o errores del usuario, as\u00ed como actualizaciones o programas mal instalados. Originan perdida de datos, errores en el sistema e incluso que el ordenador no inicie correctamente.<\/span><\/p>\n<p>&nbsp;<\/p>\n<p><span style=\"color: #000000; font-size: 14pt;\"><strong><span style=\"font-family: arial, helvetica, sans-serif;\">Los servicios que ofrecemos son los siguientes:<\/span><\/strong><\/span><\/p>\n<p><span style=\"color: #000000; font-family: arial, helvetica, sans-serif; font-size: 14pt;\">Reparaci\u00f3n de ordenadores Alicante<\/span><\/p>\n<p><span style=\"color: #000000; font-family: arial, helvetica, sans-serif; font-size: 14pt;\">Reparaci\u00f3n de port\u00e1tiles Alicante<\/span><\/p>\n<p><span style=\"color: #000000; font-family: arial, helvetica, sans-serif; font-size: 14pt;\">Reparaci\u00f3n de impresoras Alicante<\/span><\/p>\n<p><span style=\"color: #000000; font-family: arial, helvetica, sans-serif; font-size: 14pt;\">Reparaci\u00f3n de pantallas Alicante<\/span><\/p>\n<p><span style=\"color: #000000; font-family: arial, helvetica, sans-serif; font-size: 14pt;\">Reparaci\u00f3n de servidores Alicante<\/span><\/p>\n<p><span style=\"color: #000000; font-family: arial, helvetica, sans-serif; font-size: 14pt;\">Desinfecci\u00f3n de virus Alicante<\/span><\/p>\n<p><span style=\"color: #000000; font-family: arial, helvetica, sans-serif; font-size: 14pt;\">Limpieza y sustituci\u00f3n ventiladores Alicante<\/span><\/p>\n<p><span style=\"color: #000000; font-family: arial, helvetica, sans-serif; font-size: 14pt;\">Recuperaci\u00f3n de datos Alicante<\/span><\/p>\n<p><span style=\"color: #000000; font-family: arial, helvetica, sans-serif; font-size: 14pt;\">Configuraci\u00f3n de redes Alicante<\/span><\/p>\n<p><span style=\"color: #000000; font-family: arial, helvetica, sans-serif; font-size: 14pt;\">Configuraci\u00f3n wifis Alicante<\/span><\/p>\n<p><span style=\"color: #000000; font-family: arial, helvetica, sans-serif; font-size: 14pt;\">Copias de seguridad Alicante<\/span><\/p>\n<p><span style=\"color: #000000; font-family: arial, helvetica, sans-serif; font-size: 14pt;\">Instalaci\u00f3n sistemas operativos Alicante<\/span><\/p>\n<p>&nbsp;<\/p>\n<p><span style=\"color: #000000; font-family: arial, helvetica, sans-serif; font-size: 14pt;\"><strong>Trabajamos con la mayor\u00eda de marcas del mercado.<\/strong><\/span><\/p>\n<p><span style=\"color: #000000; font-family: arial, helvetica, sans-serif; font-size: 14pt;\">Servicio T\u00e9cnico\u00a0 Samsung en Alicante<\/span><\/p>\n<p><span style=\"color: #000000; font-family: arial, helvetica, sans-serif; font-size: 14pt;\">Servicio T\u00e9cnico\u00a0 Acer en Alicante<\/span><\/p>\n<p><span style=\"color: #000000; font-family: arial, helvetica, sans-serif; font-size: 14pt;\">Servicio T\u00e9cnico\u00a0 HP en Alicante<\/span><\/p>\n<p><span style=\"color: #000000; font-family: arial, helvetica, sans-serif; font-size: 14pt;\">Servicio T\u00e9cnico\u00a0 Toshiba en Alicante<\/span><\/p>\n<p><span style=\"color: #000000; font-family: arial, helvetica, sans-serif; font-size: 14pt;\">Servicio T\u00e9cnico\u00a0 Asus en Alicante<\/span><\/p>\n<p><span style=\"color: #000000; font-family: arial, helvetica, sans-serif; font-size: 14pt;\">Servicio T\u00e9cnico\u00a0 Vaio en Alicante<\/span><\/p>\n<p><span style=\"color: #000000; font-family: arial, helvetica, sans-serif; font-size: 14pt;\">Servicio T\u00e9cnico\u00a0 Airis en Alicante<\/span><\/p>\n<p><span style=\"color: #000000; font-family: arial, helvetica, sans-serif; font-size: 14pt;\">Servicio T\u00e9cnico\u00a0 Lenovo en Alicante<\/span><\/p>\n<p><span style=\"color: #000000; font-family: arial, helvetica, sans-serif; font-size: 14pt;\">Servicio T\u00e9cnico\u00a0 IBM en Alicante<\/span><\/p>\n<p>&nbsp;<\/p>\n","protected":false},"excerpt":{"rendered":"<p>SERVICIO T\u00c9CNICO ORDENADORES EN ALICANTE EnlaNET Sistemas les ofrece su servicio t\u00e9cnico inform\u00e1tico en Alicante, orientado tanto a particulares como a empresas. Disponemos de personal para atenderle en sus instalaciones, as\u00ed como un taller propio donde poder llevar a cabo esas reparaciones que por su naturaleza no son posibles resolver in situ. Nuestro tiempo medio&hellip;<\/p>\n<p class=\"more-link\"><a href=\"https:\/\/www.enlanet.com\/portal\/index.php\/servicio-tecnico\/\" class=\"themebutton2\">Leer m\u00e1s<\/a><\/p>\n","protected":false},"author":1,"featured_media":0,"parent":0,"menu_order":0,"comment_status":"closed","ping_status":"closed","template":"","meta":{"footnotes":""},"categories":[],"tags":[6,4,7,5,8],"class_list":["post-65","page","type-page","status-publish","hentry","tag-reparacion-de-impresoras-alicante","tag-reparacion-de-ordenadores-alicante","tag-reparacion-de-pantallas-alicante","tag-reparacion-de-portatiles-alicante","tag-reparacion-de-servidores-alicante"],"_links":{"self":[{"href":"https:\/\/www.enlanet.com\/portal\/index.php\/wp-json\/wp\/v2\/pages\/65","targetHints":{"allow":["GET"]}}],"collection":[{"href":"https:\/\/www.enlanet.com\/portal\/index.php\/wp-json\/wp\/v2\/pages"}],"about":[{"href":"https:\/\/www.enlanet.com\/portal\/index.php\/wp-json\/wp\/v2\/types\/page"}],"author":[{"embeddable":true,"href":"https:\/\/www.enlanet.com\/portal\/index.php\/wp-json\/wp\/v2\/users\/1"}],"replies":[{"embeddable":true,"href":"https:\/\/www.enlanet.com\/portal\/index.php\/wp-json\/wp\/v2\/comments?post=65"}],"version-history":[{"count":6,"href":"https:\/\/www.enlanet.com\/portal\/index.php\/wp-json\/wp\/v2\/pages\/65\/revisions"}],"predecessor-version":[{"id":242,"href":"https:\/\/www.enlanet.com\/portal\/index.php\/wp-json\/wp\/v2\/pages\/65\/revisions\/242"}],"wp:attachment":[{"href":"https:\/\/www.enlanet.com\/portal\/index.php\/wp-json\/wp\/v2\/media?parent=65"}],"wp:term":[{"taxonomy":"category","embeddable":true,"href":"https:\/\/www.enlanet.com\/portal\/index.php\/wp-json\/wp\/v2\/categories?post=65"},{"taxonomy":"post_tag","embeddable":true,"href":"https:\/\/www.enlanet.com\/portal\/index.php\/wp-json\/wp\/v2\/tags?post=65"}],"curies":[{"name":"wp","href":"https:\/\/api.w.org\/{rel}","templated":true}]}}

Servicio técnico

<h1 style="text-align: center;"><span style="font-family: arial, helvetica, sans-serif; color: #000000;">SERVICIO TÉCNICO ORDENADORES EN ALICANTE</span></h1>
<div id="attachment_147" style="width: 1009px" class="wp-caption aligncenter"><img loading="lazy" decoding="async" aria-describedby="caption-attachment-147" class="wp-image-147" src="http://www.enlanet.com/portal/wp-content/uploads/2018/03/SERVICIO-TECNICO-ORDENADORES-ALICANTE-1024x512.jpg" alt="Servicio técnico ordenadores en Alicante" width="999" height="500" srcset="https://www.enlanet.com/portal/wp-content/uploads/2018/03/SERVICIO-TECNICO-ORDENADORES-ALICANTE-1024x512.jpg 1024w, https://www.enlanet.com/portal/wp-content/uploads/2018/03/SERVICIO-TECNICO-ORDENADORES-ALICANTE-300x150.jpg 300w, https://www.enlanet.com/portal/wp-content/uploads/2018/03/SERVICIO-TECNICO-ORDENADORES-ALICANTE-768x384.jpg 768w, https://www.enlanet.com/portal/wp-content/uploads/2018/03/SERVICIO-TECNICO-ORDENADORES-ALICANTE-1140x570.jpg 1140w, https://www.enlanet.com/portal/wp-content/uploads/2018/03/SERVICIO-TECNICO-ORDENADORES-ALICANTE-570x285.jpg 570w" sizes="auto, (max-width: 999px) 100vw, 999px" /><p id="caption-attachment-147" class="wp-caption-text">Servicio técnico informático en Alicante</p></div>
<p><span style="color: #000000; font-family: arial, helvetica, sans-serif; font-size: 14pt;"><span style="font-family: impact, sans-serif;">Enla<span style="color: #ff0000;">NET</span> Sistemas</span> les ofrece su servicio técnico informático en Alicante, orientado tanto a particulares como a empresas. Disponemos de personal para atenderle en sus instalaciones, así como un taller propio donde poder llevar a cabo esas reparaciones que por su naturaleza no son posibles resolver in situ.</span></p>
<p><span style="color: #000000; font-family: arial, helvetica, sans-serif; font-size: 14pt;">Nuestro tiempo medio de reparación esta entre 24 y 48 horas.(desde que usted nos deja su equipo hasta que se lo devolvemos) Y la mayoría de las reparaciones ( un 90%) se solucionan en una hora o menos de taller.</span></p>
<p>&nbsp;</p>
<p><span style="color: #000000; font-family: arial, helvetica, sans-serif; font-size: 14pt;"><strong>PRESUPUESTOS EN TALLER GRATIS</strong></span></p>
<p><span style="color: #000000; font-family: arial, helvetica, sans-serif; font-size: 14pt;">Las averías informáticas se pueden agrupar en 2 grupos básicos:</span></p>
<p><span style="color: #000000; font-size: 14pt;"><strong><span style="font-family: arial, helvetica, sans-serif;">Averías hardware</span></strong></span></p>
<p><span style="color: #000000; font-family: arial, helvetica, sans-serif; font-size: 14pt;">En este grupo entrarían todas aquellas relacionadas con un fallo físico de uno o varios componentes, como placas bases, tarjetas gráficas, memorias o cualquier otro componente que presentara una malfunción. En este caso EnlaNET Sistemas le presupuestará la sustitución del componente/s  junto con los trabajos necesarios para que este funcione óptimamente. ( actualización de drivers, reinstalación s.operativo, etc)</span></p>
<p><span style="color: #000000; font-size: 14pt;"><strong><span style="font-family: arial, helvetica, sans-serif;">Averías software</span></strong></span></p>
<p><span style="color: #000000; font-family: arial, helvetica, sans-serif; font-size: 14pt;">Son las relacionadas con cualquier fallo del sistema operativo y/o los programas que hay instalados en el equipo, Su origen suele ser virus o malware o errores del usuario, así como actualizaciones o programas mal instalados. Originan perdida de datos, errores en el sistema e incluso que el ordenador no inicie correctamente.</span></p>
<p>&nbsp;</p>
<p><span style="color: #000000; font-size: 14pt;"><strong><span style="font-family: arial, helvetica, sans-serif;">Los servicios que ofrecemos son los siguientes:</span></strong></span></p>
<p><span style="color: #000000; font-family: arial, helvetica, sans-serif; font-size: 14pt;">Reparación de ordenadores Alicante</span></p>
<p><span style="color: #000000; font-family: arial, helvetica, sans-serif; font-size: 14pt;">Reparación de portátiles Alicante</span></p>
<p><span style="color: #000000; font-family: arial, helvetica, sans-serif; font-size: 14pt;">Reparación de impresoras Alicante</span></p>
<p><span style="color: #000000; font-family: arial, helvetica, sans-serif; font-size: 14pt;">Reparación de pantallas Alicante</span></p>
<p><span style="color: #000000; font-family: arial, helvetica, sans-serif; font-size: 14pt;">Reparación de servidores Alicante</span></p>
<p><span style="color: #000000; font-family: arial, helvetica, sans-serif; font-size: 14pt;">Desinfección de virus Alicante</span></p>
<p><span style="color: #000000; font-family: arial, helvetica, sans-serif; font-size: 14pt;">Limpieza y sustitución ventiladores Alicante</span></p>
<p><span style="color: #000000; font-family: arial, helvetica, sans-serif; font-size: 14pt;">Recuperación de datos Alicante</span></p>
<p><span style="color: #000000; font-family: arial, helvetica, sans-serif; font-size: 14pt;">Configuración de redes Alicante</span></p>
<p><span style="color: #000000; font-family: arial, helvetica, sans-serif; font-size: 14pt;">Configuración wifis Alicante</span></p>
<p><span style="color: #000000; font-family: arial, helvetica, sans-serif; font-size: 14pt;">Copias de seguridad Alicante</span></p>
<p><span style="color: #000000; font-family: arial, helvetica, sans-serif; font-size: 14pt;">Instalación sistemas operativos Alicante</span></p>
<p>&nbsp;</p>
<p><span style="color: #000000; font-family: arial, helvetica, sans-serif; font-size: 14pt;"><strong>Trabajamos con la mayoría de marcas del mercado.</strong></span></p>
<p><span style="color: #000000; font-family: arial, helvetica, sans-serif; font-size: 14pt;">Servicio Técnico  Samsung en Alicante</span></p>
<p><span style="color: #000000; font-family: arial, helvetica, sans-serif; font-size: 14pt;">Servicio Técnico  Acer en Alicante</span></p>
<p><span style="color: #000000; font-family: arial, helvetica, sans-serif; font-size: 14pt;">Servicio Técnico  HP en Alicante</span></p>
<p><span style="color: #000000; font-family: arial, helvetica, sans-serif; font-size: 14pt;">Servicio Técnico  Toshiba en Alicante</span></p>
<p><span style="color: #000000; font-family: arial, helvetica, sans-serif; font-size: 14pt;">Servicio Técnico  Asus en Alicante</span></p>
<p><span style="color: #000000; font-family: arial, helvetica, sans-serif; font-size: 14pt;">Servicio Técnico  Vaio en Alicante</span></p>
<p><span style="color: #000000; font-family: arial, helvetica, sans-serif; font-size: 14pt;">Servicio Técnico  Airis en Alicante</span></p>
<p><span style="color: #000000; font-family: arial, helvetica, sans-serif; font-size: 14pt;">Servicio Técnico  Lenovo en Alicante</span></p>
<p><span style="color: #000000; font-family: arial, helvetica, sans-serif; font-size: 14pt;">Servicio Técnico  IBM en Alicante</span></p>
<p>&nbsp;</p>

<p>SERVICIO TÉCNICO ORDENADORES EN ALICANTE EnlaNET Sistemas les ofrece su servicio técnico informático en Alicante, orientado tanto a particulares como a empresas. Disponemos de personal para atenderle en sus instalaciones, así como un taller propio donde poder llevar a cabo esas reparaciones que por su naturaleza no son posibles resolver in situ. Nuestro tiempo medio&hellip;</p>
<p class="more-link"><a href="https://www.enlanet.com/portal/index.php/servicio-tecnico/" class="themebutton2">Leer más</a></p>
