{"id":53,"date":"2018-03-09T19:54:28","date_gmt":"2018-03-09T19:54:28","guid":{"rendered":"http:\/\/www.enlanet.com\/portal\/?page_id=53"},"modified":"2018-03-13T16:57:33","modified_gmt":"2018-03-13T16:57:33","slug":"reparacion-de-ordenadores-en-alicante","status":"publish","type":"page","link":"https:\/\/www.enlanet.com\/portal\/index.php\/reparacion-de-ordenadores-en-alicante\/","title":{"rendered":"Reparaci\u00f3n de ordenadores en Alicante"},"content":{"rendered":"<h1 style=\"text-align: center;\"><span style=\"font-family: arial, helvetica, sans-serif; color: #000000;\">REPARACI\u00d3N DE ORDENADORES EN ALICANTE<\/span><\/h1>\n<p><img loading=\"lazy\" decoding=\"async\" class=\"aligncenter wp-image-136\" src=\"http:\/\/www.enlanet.com\/portal\/wp-content\/uploads\/2018\/03\/reparacion-ordenadores-alicante-3-1140x456.jpg\" alt=\"\" width=\"1000\" height=\"616\" srcset=\"https:\/\/www.enlanet.com\/portal\/wp-content\/uploads\/2018\/03\/reparacion-ordenadores-alicante-3-300x185.jpg 300w, https:\/\/www.enlanet.com\/portal\/wp-content\/uploads\/2018\/03\/reparacion-ordenadores-alicante-3-768x473.jpg 768w, https:\/\/www.enlanet.com\/portal\/wp-content\/uploads\/2018\/03\/reparacion-ordenadores-alicante-3-1024x631.jpg 1024w, https:\/\/www.enlanet.com\/portal\/wp-content\/uploads\/2018\/03\/reparacion-ordenadores-alicante-3.jpg 1600w\" sizes=\"auto, (max-width: 1000px) 100vw, 1000px\" \/><\/p>\n<p style=\"margin: 0cm; margin-bottom: .0001pt; line-height: 19.2pt; background: white;\"><span style=\"font-family: arial, helvetica, sans-serif; font-size: 12pt; color: #000000;\">Llevamos m\u00e1s de 20 a\u00f1os prestando nuestro servicio de reparaci\u00f3n de ordenadores en Alicante.Tienes problemas con tu equipo, va muy lento?, te salen ventanas de publicidad?, te han desaparecido tus datos?, ayer lo apagaste bien y hoy no enciende?. Estos y otros muchos problemas inform\u00e1ticos forman parte de nuestro trabajo diario, en\u00a0<span style=\"font-family: impact, sans-serif;\">Enla<span style=\"color: #ff0000;\">NET<\/span> sistemas<\/span>, te solucionamos tus problemas inform\u00e1ticos de una forma r\u00e1pida y econ\u00f3mica.<\/span><\/p>\n<p style=\"line-height: 19.2pt; background: white; margin: 0cm 0cm 7.5pt 0cm;\"><span style=\"font-size: 12pt; font-family: arial, helvetica, sans-serif; color: #000000;\">Nuestras presupuestaciones son gratuitas, si, has le\u00eddo bien, no cobramos nada por darte un diagnostico, a partir de ah\u00ed tu decides si merece la pena reparar tu equipo o te lo llevas a casa tal y como estaba.<\/span><\/p>\n<p style=\"margin: 0cm; margin-bottom: .0001pt; line-height: 19.2pt; background: white;\"><span style=\"font-family: arial, helvetica, sans-serif; font-size: 12pt; color: #000000;\"><strong>Trabajamos con la mayor\u00eda de marcas del mercado.<\/strong><\/span><\/p>\n<p style=\"line-height: 19.2pt; background: white; margin: 0cm 0cm 7.5pt 0cm;\"><span style=\"font-size: 12pt; font-family: arial, helvetica, sans-serif; color: #000000;\">Reparaci\u00f3n ordenador\u00a0 Samsung en Alicante<\/span><\/p>\n<p style=\"line-height: 19.2pt; background: white; margin: 0cm 0cm 7.5pt 0cm;\"><span style=\"font-size: 12pt; font-family: arial, helvetica, sans-serif; color: #000000;\">Reparaci\u00f3n ordenador\u00a0 Acer en Alicante<\/span><\/p>\n<p style=\"line-height: 19.2pt; background: white; margin: 0cm 0cm 7.5pt 0cm;\"><span style=\"font-size: 12pt; font-family: arial, helvetica, sans-serif; color: #000000;\">Reparaci\u00f3n ordenador\u00a0 HP en Alicante<\/span><\/p>\n<p style=\"line-height: 19.2pt; background: white; margin: 0cm 0cm 7.5pt 0cm;\"><span style=\"font-size: 12pt; font-family: arial, helvetica, sans-serif; color: #000000;\">Reparaci\u00f3n ordenador\u00a0 Toshiba en Alicante<\/span><\/p>\n<p style=\"line-height: 19.2pt; background: white; margin: 0cm 0cm 7.5pt 0cm;\"><span style=\"font-size: 12pt; font-family: arial, helvetica, sans-serif; color: #000000;\">Reparaci\u00f3n ordenador\u00a0 Asus en Alicante<\/span><\/p>\n<p style=\"line-height: 19.2pt; background: white; margin: 0cm 0cm 7.5pt 0cm;\"><span style=\"font-size: 12pt; font-family: arial, helvetica, sans-serif; color: #000000;\">Reparaci\u00f3n ordenador\u00a0 Vaio en Alicante<\/span><\/p>\n<p style=\"line-height: 19.2pt; background: white; margin: 0cm 0cm 7.5pt 0cm;\"><span style=\"font-size: 12pt; font-family: arial, helvetica, sans-serif; color: #000000;\">Reparaci\u00f3n ordenador\u00a0 Airis en Alicante<\/span><\/p>\n<p style=\"line-height: 19.2pt; background: white; margin: 0cm 0cm 7.5pt 0cm;\"><span style=\"font-size: 12pt; font-family: arial, helvetica, sans-serif; color: #000000;\">Reparaci\u00f3n ordenador\u00a0 Lenovo en Alicante<\/span><\/p>\n<p style=\"line-height: 19.2pt; background: white; margin: 0cm 0cm 7.5pt 0cm;\"><span style=\"font-size: 12pt; font-family: arial, helvetica, sans-serif; color: #000000;\">Reparaci\u00f3n ordenador\u00a0 IBM en Alicante<\/span><\/p>\n","protected":false},"excerpt":{"rendered":"<p>REPARACI\u00d3N DE ORDENADORES EN ALICANTE Llevamos m\u00e1s de 20 a\u00f1os prestando nuestro servicio de reparaci\u00f3n de ordenadores en Alicante.Tienes problemas con tu equipo, va muy lento?, te salen ventanas de publicidad?, te han desaparecido tus datos?, ayer lo apagaste bien y hoy no enciende?. Estos y otros muchos problemas inform\u00e1ticos forman parte de nuestro trabajo&hellip;<\/p>\n<p class=\"more-link\"><a href=\"https:\/\/www.enlanet.com\/portal\/index.php\/reparacion-de-ordenadores-en-alicante\/\" class=\"themebutton2\">Leer m\u00e1s<\/a><\/p>\n","protected":false},"author":1,"featured_media":0,"parent":0,"menu_order":0,"comment_status":"closed","ping_status":"closed","template":"","meta":{"footnotes":""},"categories":[],"tags":[12],"class_list":["post-53","page","type-page","status-publish","hentry","tag-reparacion-de-ordenadores-en-alicante"],"_links":{"self":[{"href":"https:\/\/www.enlanet.com\/portal\/index.php\/wp-json\/wp\/v2\/pages\/53","targetHints":{"allow":["GET"]}}],"collection":[{"href":"https:\/\/www.enlanet.com\/portal\/index.php\/wp-json\/wp\/v2\/pages"}],"about":[{"href":"https:\/\/www.enlanet.com\/portal\/index.php\/wp-json\/wp\/v2\/types\/page"}],"author":[{"embeddable":true,"href":"https:\/\/www.enlanet.com\/portal\/index.php\/wp-json\/wp\/v2\/users\/1"}],"replies":[{"embeddable":true,"href":"https:\/\/www.enlanet.com\/portal\/index.php\/wp-json\/wp\/v2\/comments?post=53"}],"version-history":[{"count":5,"href":"https:\/\/www.enlanet.com\/portal\/index.php\/wp-json\/wp\/v2\/pages\/53\/revisions"}],"predecessor-version":[{"id":244,"href":"https:\/\/www.enlanet.com\/portal\/index.php\/wp-json\/wp\/v2\/pages\/53\/revisions\/244"}],"wp:attachment":[{"href":"https:\/\/www.enlanet.com\/portal\/index.php\/wp-json\/wp\/v2\/media?parent=53"}],"wp:term":[{"taxonomy":"category","embeddable":true,"href":"https:\/\/www.enlanet.com\/portal\/index.php\/wp-json\/wp\/v2\/categories?post=53"},{"taxonomy":"post_tag","embeddable":true,"href":"https:\/\/www.enlanet.com\/portal\/index.php\/wp-json\/wp\/v2\/tags?post=53"}],"curies":[{"name":"wp","href":"https:\/\/api.w.org\/{rel}","templated":true}]}}

Reparación de ordenadores en Alicante

<h1 style="text-align: center;"><span style="font-family: arial, helvetica, sans-serif; color: #000000;">REPARACIÓN DE ORDENADORES EN ALICANTE</span></h1>
<p><img loading="lazy" decoding="async" class="aligncenter wp-image-136" src="http://www.enlanet.com/portal/wp-content/uploads/2018/03/reparacion-ordenadores-alicante-3-1140x456.jpg" alt="" width="1000" height="616" srcset="https://www.enlanet.com/portal/wp-content/uploads/2018/03/reparacion-ordenadores-alicante-3-300x185.jpg 300w, https://www.enlanet.com/portal/wp-content/uploads/2018/03/reparacion-ordenadores-alicante-3-768x473.jpg 768w, https://www.enlanet.com/portal/wp-content/uploads/2018/03/reparacion-ordenadores-alicante-3-1024x631.jpg 1024w, https://www.enlanet.com/portal/wp-content/uploads/2018/03/reparacion-ordenadores-alicante-3.jpg 1600w" sizes="auto, (max-width: 1000px) 100vw, 1000px" /></p>
<p style="margin: 0cm; margin-bottom: .0001pt; line-height: 19.2pt; background: white;"><span style="font-family: arial, helvetica, sans-serif; font-size: 12pt; color: #000000;">Llevamos más de 20 años prestando nuestro servicio de reparación de ordenadores en Alicante.Tienes problemas con tu equipo, va muy lento?, te salen ventanas de publicidad?, te han desaparecido tus datos?, ayer lo apagaste bien y hoy no enciende?. Estos y otros muchos problemas informáticos forman parte de nuestro trabajo diario, en <span style="font-family: impact, sans-serif;">Enla<span style="color: #ff0000;">NET</span> sistemas</span>, te solucionamos tus problemas informáticos de una forma rápida y económica.</span></p>
<p style="line-height: 19.2pt; background: white; margin: 0cm 0cm 7.5pt 0cm;"><span style="font-size: 12pt; font-family: arial, helvetica, sans-serif; color: #000000;">Nuestras presupuestaciones son gratuitas, si, has leído bien, no cobramos nada por darte un diagnostico, a partir de ahí tu decides si merece la pena reparar tu equipo o te lo llevas a casa tal y como estaba.</span></p>
<p style="margin: 0cm; margin-bottom: .0001pt; line-height: 19.2pt; background: white;"><span style="font-family: arial, helvetica, sans-serif; font-size: 12pt; color: #000000;"><strong>Trabajamos con la mayoría de marcas del mercado.</strong></span></p>
<p style="line-height: 19.2pt; background: white; margin: 0cm 0cm 7.5pt 0cm;"><span style="font-size: 12pt; font-family: arial, helvetica, sans-serif; color: #000000;">Reparación ordenador  Samsung en Alicante</span></p>
<p style="line-height: 19.2pt; background: white; margin: 0cm 0cm 7.5pt 0cm;"><span style="font-size: 12pt; font-family: arial, helvetica, sans-serif; color: #000000;">Reparación ordenador  Acer en Alicante</span></p>
<p style="line-height: 19.2pt; background: white; margin: 0cm 0cm 7.5pt 0cm;"><span style="font-size: 12pt; font-family: arial, helvetica, sans-serif; color: #000000;">Reparación ordenador  HP en Alicante</span></p>
<p style="line-height: 19.2pt; background: white; margin: 0cm 0cm 7.5pt 0cm;"><span style="font-size: 12pt; font-family: arial, helvetica, sans-serif; color: #000000;">Reparación ordenador  Toshiba en Alicante</span></p>
<p style="line-height: 19.2pt; background: white; margin: 0cm 0cm 7.5pt 0cm;"><span style="font-size: 12pt; font-family: arial, helvetica, sans-serif; color: #000000;">Reparación ordenador  Asus en Alicante</span></p>
<p style="line-height: 19.2pt; background: white; margin: 0cm 0cm 7.5pt 0cm;"><span style="font-size: 12pt; font-family: arial, helvetica, sans-serif; color: #000000;">Reparación ordenador  Vaio en Alicante</span></p>
<p style="line-height: 19.2pt; background: white; margin: 0cm 0cm 7.5pt 0cm;"><span style="font-size: 12pt; font-family: arial, helvetica, sans-serif; color: #000000;">Reparación ordenador  Airis en Alicante</span></p>
<p style="line-height: 19.2pt; background: white; margin: 0cm 0cm 7.5pt 0cm;"><span style="font-size: 12pt; font-family: arial, helvetica, sans-serif; color: #000000;">Reparación ordenador  Lenovo en Alicante</span></p>
<p style="line-height: 19.2pt; background: white; margin: 0cm 0cm 7.5pt 0cm;"><span style="font-size: 12pt; font-family: arial, helvetica, sans-serif; color: #000000;">Reparación ordenador  IBM en Alicante</span></p>

<p>REPARACIÓN DE ORDENADORES EN ALICANTE Llevamos más de 20 años prestando nuestro servicio de reparación de ordenadores en Alicante.Tienes problemas con tu equipo, va muy lento?, te salen ventanas de publicidad?, te han desaparecido tus datos?, ayer lo apagaste bien y hoy no enciende?. Estos y otros muchos problemas informáticos forman parte de nuestro trabajo&hellip;</p>
<p class="more-link"><a href="https://www.enlanet.com/portal/index.php/reparacion-de-ordenadores-en-alicante/" class="themebutton2">Leer más</a></p>
